5931900?
True
Is 3 a factor of 179436?
True
Does 43 divide 3273609?
False
Is 14151 a multiple of 89?
True
Is 149 a factor of 360133?
True
Is 44896 a multiple of 89?
False
Is 22 a factor of 391766?
False
Is 155 a factor of 480655?
True
Is 17 a factor of 45844269?
False
Is 7462080 a multiple of 960?
True
Does 725 divide 349175?
False
Is 2 a factor of 3167?
False
Is 31 a factor of 232787?
False
Is 106300 a multiple of 100?
True
Does 180 divide 8265600?
True
Does 23 divide 450451?
False
Is 7 a factor of 4818576?
True
Does 131 divide 334604?
False
Does 12 divide 4823923?
False
Is 1210 a factor of 842723?
False
Does 47 divide 3831111?
True
Is 898752 a multiple of 186?
True
Is 4525044 a multiple of 35?
False
Is 7 a factor of 692241?
False
Does 61 divide 9327?
False
Is 97468 a multiple of 62?
False
Does 187 divide 928081?
True
Does 73 divide 52706?
True
Is 11174774 a multiple of 19?
True
Is 18422866 a multiple of 11?
True
Does 541 divide 9773165?
True
Is 3192431 a multiple of 55?
False
Is 308223 a multiple of 2?
False
Does 44 divide 168247?
False
Is 14 a factor of 419415?
False
Is 7 a factor of 9440?
False
Is 101325 a multiple of 31?
False
Is 470065 a multiple of 5?
True
Is 397245 a multiple of 5?
True
Does 23 divide 1048187?
False
Is 10 a factor of 768847?
False
Is 17 a factor of 103236?
False
Is 78 even?
True
Is 120 a factor of 53148?
False
Does 512 divide 568465?
False
Is 183428 a multiple of 14?
True
Is 7 a factor of 483271?
False
Is 917030 a multiple of 10?
True
Is 249 a factor of 348479?
False
Does 82 divide 5587398?
True
Is 173288 a multiple of 71?
False
Is 177 a factor of 3713254?
False
Is 11670993 a multiple of 141?
True
Is 213 a factor of 4333698?
True
Is 130 a factor of 84370?
True
Is 188 a factor of 5181656?
True
Is 25 a factor of 11063228?
False
Is 57015 a multiple of 17?
False
Is 84350 a multiple of 7?
True
Is 39 a factor of 4679649?
True
Does 774 divide 12384?
True
Is 734395 a multiple of 5?
True
Is 95 a factor of 912296?
False
Is 1202863 a multiple of 144?
False
Is 356774 a multiple of 8?
False
Is 7667 a multiple of 26?
False
Is 253 a factor of 3153645?
True
Is 33 a factor of 890360?
False
Is 97 a factor of 4160136?
True
Is 20960082 a multiple of 117?
True
Is 19 a factor of 286447?
False
Does 442 divide 433332?
False
Does 106 divide 11100532?
True
Is 31 a factor of 13337?
False
Is 651 a factor of 1447185?
False
Does 30 divide 382410?
True
Is 3478750 a multiple of 50?
True
Does 13 divide 352820?
True
Does 194 divide 489252?
False
Is 392040 a multiple of 30?
True
Is 7 a factor of 226835?
True
Is 1124770 a multiple of 121?
False
Is 4993 a multiple of 691?
False
Does 22 divide 2055292?
False
Is 1485 a multiple of 24?
False
Is 10 a factor of 5598394?
False
Does 15 divide 27570980?
False
Is 13 a factor of 2918370?
True
Does 4 divide 15302?
False
Is 581 a factor of 14516285?
True
Is 59 a factor of 3921673?
False
Is 1989533 a multiple of 13?
True
Is 36 a factor of 9019872?
True
Is 68 a factor of 101709?
False
Does 38 divide 430160?
True
Is 1154 a factor of 18596710?
True
Does 6 divide 453756?
True
Is 3580206 a multiple of 542?
False
Is 251252 a multiple of 46?
True
Is 1301 a factor of 2050758?
False
Does 4 divide 121887?
False
Does 4 divide 219207?
False
Is 433152 a multiple of 12?
True
Is 38 a factor of 729524?
True
Does 32 divide 131456?
True
Does 30 divide 1273073?
False
Is 7 a factor of 725515?
True
Is 9 a factor of 13905083?
False
Is 10 a factor of 12690750?
True
Is 2 a factor of 212868?
True
Is 513744 a multiple of 336?
True
Is 99 a factor of 2418406?
False
Is 113100 a multiple of 52?
True
Is 12759 a multiple of 19?
False
Does 14 divide 32942?
True
Does 42 divide 163170?
True
Is 176526 a multiple of 9?
True
Does 19 divide 369016?
False
Is 594622 a multiple of 240?
False
Is 51 a factor of 9231?
True
Is 27 a factor of 23535?
False
Does 91 divide 479752?
True
Is 2358389 a multiple of 507?
False
Does 157 divide 513076?
True
Does 62 divide 158782?
True
Does 92 divide 672980?
True
Does 3 divide 76907?
False
Is 5 a factor of 867650?
True
Is 2 a factor of 14817?
False
Is 3545908 a multiple of 268?
True
Does 84 divide 4500216?
True
Does 558 divide 529542?
True
Does 396 divide 6390252?
True
Is 915692 a multiple of 8?
False
Is 17 a factor of 3187874?
True
Is 290 a factor of 2678247?
False
Is 84 a factor of 2208360?
True
Does 68 divide 191142?
False
Does 48 divide 52608?
True
Does 70 divide 50120?
True
Does 49 divide 96112?
False
Is 1688898 a multiple of 94?
True
Is 4851157 a multiple of 26?
False
Is 101 a factor of 125644?
True
Is 32 a factor of 638643?
False
Does 869 divide 4732036?
False
Is 3201600 a multiple of 25?
True
Does 624 divide 1541280?
True
Does 55 divide 1643125?
True
Does 377 divide 191905?
False
Does 9 divide 122724?
True
Is 828 a multiple of 138?
True
Is 94 a factor of 4276906?
True
Does 9 divide 173009?
False
Is 19715376 a multiple of 68?
True
Does 21 divide 2871166?
False
Is 231 a factor of 174636?
True
Does 26 divide 942180?
False
Is 7 a factor of 1019228?
True
Does 25 divide 70959?
False
Does 26 divide 3115877?
False
Is 227 a factor of 142002?
False
Is 22447 a multiple of 6?
False
Is 194 a factor of 28285976?
True
Is 64989 a multiple of 16?
False
Is 1278421 a multiple of 96?
False
Does 88 divide 30800?
True
Is 76287 a multiple of 66?
False
Does 32 divide 1062183?
False
Is 40 a factor of 274480?
True
Is 9 a factor of 404509?
False
Does 578 divide 813246?
True
Does 11 divide 279329?
False
Is 323017 a multiple of 245?
False
Is 41 a factor of 346286?
True
Is 2424363 a multiple of 6?
False
Does 1125 divide 6673854?
False
Does 47 divide 540594?
True
Is 1134265 a multiple of 11?
True
Is 1013940 a multiple of 131?
True
Is 6 a factor of 421356?
True
Is 18062738 a multiple of 10?
False
Is 146 a factor of 17958?
True
Is 5279204 a multiple of 1129?
True
Does 128 divide 13442?
False
Is 194 a factor of 131448?
False
Is 3 a factor of 2038?
False
Is 130017 a multiple of 23?
False
Is 123 a factor of 6396?
True
Is 8 a factor of 1874168?
True
Does 2 divide 13405?
False
Is 283877 a multiple of 3?
False
Is 59 a factor of 1803984?
True
Does 5 divide 104085?
True
Is 51 a factor of 219588?
False
Is 2265205 a multiple of 34?
False
Does 10 divide 594320?
True
Is 16 a factor of 131888?
True
Is 54 a factor of 328002?
False
Does 4 divide 3585847?
False
Is 266571 a multiple of 6?
False
Is 79 a factor of 519662?
True
Is 15313 a multiple of 2?
False
Does 23 divide 902727?
True
Does 10 divide 82081?
False
Is 9 a factor of 6296058?
True
Is 4 a factor of 8452189?
False
Is 580149 a multiple of 27?
True
Does 24 divide 59568?
True
Is 61 a factor of 53619?
True
Is 108900 a multiple of 67?
False
Is 239877 a multiple of 259?
False
Does 23 divide 406870?
True
Does 15 divide 96073?
False
Is 214 a factor of 2472048?
False
Is 1066 a multiple of 6?
False
Is 308 a factor of 177959?
False
Does 64 divide 929183?
False
Is 260034 a multiple of 38?
True
Is 6028096 a multiple of 32?
True
Is 6932420 a multiple of 220?
True
Does 15 divide 1709160?
True
Is 330584 even?
True
Is 11261622 a multiple of 608?
False
Is 4 a factor of 281600?
True
Does 18 divide 37476?
True
Is 18 a factor of 575906?
False
Is 969 a multiple of 323?
True
Does 282 divide 289918?
False
Is 12 a factor of 215636?
False
Is 661201 a multiple of 13?
False
Is 1945820 a multiple of 143?
False
Is 22 a factor of 389136?
True
Does 241 divide 27954?
False
Does 19 divide 16207?
True
Is 3163974 a multiple of 1183?
False
Is 15619065 a multiple of 105?
True
Is 18 a factor of 275122?
False
Is 724197 a multiple of 12?
False
Is 5521619 a multiple of 437?
False
Does 328 divide 296512?
True
Is 2342272 a multiple of 16?
True
Does 9 divide 2678787?
True
Is 1098 a factor of 6702192?
True
Is 425 a factor of 3037900?
True
Does 108 divide 163296?
True
Is 456304 a multiple of 8?
True
Does 16 divide 281360?
True
Is 620264 a multiple of 23?
True
Does 13 divide 19812598?
True
Is 25 a factor of 1220575?
True
Is 18192 a multiple of 4?
True
Is 2509 a factor of 13952549?
True
Is 5070959 a multiple of 27?
False
Is 471 a factor of 2424951?
False
Is 11701983 a multiple of 97?
True
Is 18 a factor of 30078?
True
Is 9537426 a multiple of 18?
True
Is 80 a factor of 11200?
True
Is 12 a factor of 2500128?
True
Does 27 divide 258773?
False
Is 9 a fac